{"id":10874,"date":"2026-01-27T15:16:15","date_gmt":"2026-01-27T14:16:15","guid":{"rendered":"https:\/\/robert-moreno.es\/politique-de-confidentialite\/"},"modified":"2026-03-10T11:48:53","modified_gmt":"2026-03-10T10:48:53","slug":"politique-de-confidentialite","status":"publish","type":"page","link":"https:\/\/robert-moreno.es\/fr\/politique-de-confidentialite\/","title":{"rendered":"Politique de confidentialit\u00e9"},"content":{"rendered":"\t\t<div data-elementor-type=\"wp-page\" data-elementor-id=\"10874\" class=\"elementor elementor-10874 elementor-3\" data-elementor-post-type=\"page\">\n\t\t\t\t<div class=\"elementor-element elementor-element-4925570d e-flex e-con-boxed e-con e-parent\" data-id=\"4925570d\" data-element_type=\"container\" data-e-type=\"container\">\n\t\t\t\t\t<div class=\"e-con-inner\">\n\t\t\t\t<div class=\"elementor-element elementor-element-7644ce5a elementor-widget elementor-widget-text-editor\" data-id=\"7644ce5a\" data-element_type=\"widget\" data-e-type=\"widget\" data-widget_type=\"text-editor.default\">\n\t\t\t\t\t\t\t\t\t<h1><span style=\"font-family: -apple-system, BlinkMacSystemFont, 'Segoe UI', Roboto, 'Helvetica Neue', Arial, 'Noto Sans', sans-serif, 'Apple Color Emoji', 'Segoe UI Emoji', 'Segoe UI Symbol', 'Noto Color Emoji';\">Politique de confidentialit\u00e9<\/span><\/h1><div class=\"elementor-container\"><h2>1. Responsable du traitement<\/h2><p>Conform\u00e9ment aux dispositions du R\u00e8glement g\u00e9n\u00e9ral sur la protection des donn\u00e9es (RGPD) et \u00e0 la r\u00e9glementation applicable, l\u2019<br>utilisateur est inform\u00e9 que les donn\u00e9es personnelles collect\u00e9es via ce site web seront trait\u00e9es par Robert<br>Moreno (ci-apr\u00e8s, \u00ab le Responsable \u00bb).<\/p><h2>2. Finalit\u00e9 du traitement<\/h2><p>Les donn\u00e9es que vous nous fournissez via les formulaires de contact ou d\u2019autres moyens sur ce site web seront<br>exclusivement utilis\u00e9es afin de g\u00e9rer votre demande, de r\u00e9pondre \u00e0 vos questions et de maintenir la<br>communication professionnelle.<\/p><h2>3. Base l\u00e9gale<\/h2><p>La base l\u00e9gale du traitement des donn\u00e9es est le consentement expr\u00e8s et explicite de l\u2019utilisateur en cochant<br>la case d\u2019acceptation et en envoyant le formulaire correspondant.<\/p><h2>4. Conservation des donn\u00e9es<\/h2><p>Les donn\u00e9es fournies seront conserv\u00e9es tant que la relation professionnelle sera maintenue ou pendant la dur\u00e9e<br>n\u00e9cessaire au respect des obligations l\u00e9gales applicables.<\/p><h2>5. Destinataires<\/h2><p>Les donn\u00e9es ne seront pas c\u00e9d\u00e9es \u00e0 des tiers, sauf obligation l\u00e9gale ou n\u00e9cessit\u00e9 technique pour la prestation du<br>service confi\u00e9 aux prestataires techniques (h\u00e9bergement).<\/p><h2>6. Droits de l\u2019utilisateur<\/h2><p>L\u2019utilisateur a le droit d\u2019obtenir la confirmation du traitement de ses donn\u00e9es personnelles. \u00c0 tout<br>moment, il peut exercer ses droits d\u2019acc\u00e8s, de rectification, de suppression, d\u2019opposition, de limitation du<br>traitement et de portabilit\u00e9 en en faisant la demande par contact direct \u00e9tabli sur ce site web. <\/p><\/div><p> <\/p>\t\t\t\t\t\t\t\t<\/div>\n\t\t\t\t\t<\/div>\n\t\t\t\t<\/div>\n\t\t\t\t<\/div>\n\t\t","protected":false},"excerpt":{"rendered":"<p>Politique de confidentialit\u00e9 1. Responsable du traitement Conform\u00e9ment aux dispositions du R\u00e8glement g\u00e9n\u00e9ral sur la protection des donn\u00e9es (RGPD) et \u00e0 la r\u00e9glementation applicable, l\u2019utilisateur est inform\u00e9 que les donn\u00e9es personnelles collect\u00e9es via ce site web seront trait\u00e9es par RobertMoreno (ci-apr\u00e8s, \u00ab le Responsable \u00bb). 2. Finalit\u00e9 du traitement Les donn\u00e9es que vous nous fournissez [&hellip;]<\/p>\n","protected":false},"author":1,"featured_media":0,"parent":0,"menu_order":0,"comment_status":"closed","ping_status":"open","template":"","meta":{"_angie_page":false,"footnotes":""},"class_list":["post-10874","page","type-page","status-publish","hentry"],"_links":{"self":[{"href":"https:\/\/robert-moreno.es\/fr\/wp-json\/wp\/v2\/pages\/10874","targetHints":{"allow":["GET"]}}],"collection":[{"href":"https:\/\/robert-moreno.es\/fr\/wp-json\/wp\/v2\/pages"}],"about":[{"href":"https:\/\/robert-moreno.es\/fr\/wp-json\/wp\/v2\/types\/page"}],"author":[{"embeddable":true,"href":"https:\/\/robert-moreno.es\/fr\/wp-json\/wp\/v2\/users\/1"}],"replies":[{"embeddable":true,"href":"https:\/\/robert-moreno.es\/fr\/wp-json\/wp\/v2\/comments?post=10874"}],"version-history":[{"count":1,"href":"https:\/\/robert-moreno.es\/fr\/wp-json\/wp\/v2\/pages\/10874\/revisions"}],"predecessor-version":[{"id":10875,"href":"https:\/\/robert-moreno.es\/fr\/wp-json\/wp\/v2\/pages\/10874\/revisions\/10875"}],"wp:attachment":[{"href":"https:\/\/robert-moreno.es\/fr\/wp-json\/wp\/v2\/media?parent=10874"}],"curies":[{"name":"wp","href":"https:\/\/api.w.org\/{rel}","templated":true}]}}

Politique de confidentialité

<div data-elementor-type="wp-page" data-elementor-id="10874" class="elementor elementor-10874 elementor-3" data-elementor-post-type="page">
				<div class="elementor-element elementor-element-4925570d e-flex e-con-boxed e-con e-parent" data-id="4925570d" data-element_type="container" data-e-type="container">
					<div class="e-con-inner">
				<div class="elementor-element elementor-element-7644ce5a elementor-widget elementor-widget-text-editor" data-id="7644ce5a" data-element_type="widget" data-e-type="widget" data-widget_type="text-editor.default">
									<h1><span style="font-family: -apple-system, BlinkMacSystemFont, 'Segoe UI', Roboto, 'Helvetica Neue', Arial, 'Noto Sans', sans-serif, 'Apple Color Emoji', 'Segoe UI Emoji', 'Segoe UI Symbol', 'Noto Color Emoji';">Politique de confidentialité</span></h1><div class="elementor-container"><h2>1. Responsable du traitement</h2><p>Conformément aux dispositions du Règlement général sur la protection des données (RGPD) et à la réglementation applicable, l’<br>utilisateur est informé que les données personnelles collectées via ce site web seront traitées par Robert<br>Moreno (ci-après, « le Responsable »).</p><h2>2. Finalité du traitement</h2><p>Les données que vous nous fournissez via les formulaires de contact ou d’autres moyens sur ce site web seront<br>exclusivement utilisées afin de gérer votre demande, de répondre à vos questions et de maintenir la<br>communication professionnelle.</p><h2>3. Base légale</h2><p>La base légale du traitement des données est le consentement exprès et explicite de l’utilisateur en cochant<br>la case d’acceptation et en envoyant le formulaire correspondant.</p><h2>4. Conservation des données</h2><p>Les données fournies seront conservées tant que la relation professionnelle sera maintenue ou pendant la durée<br>nécessaire au respect des obligations légales applicables.</p><h2>5. Destinataires</h2><p>Les données ne seront pas cédées à des tiers, sauf obligation légale ou nécessité technique pour la prestation du<br>service confié aux prestataires techniques (hébergement).</p><h2>6. Droits de l’utilisateur</h2><p>L’utilisateur a le droit d’obtenir la confirmation du traitement de ses données personnelles. À tout<br>moment, il peut exercer ses droits d’accès, de rectification, de suppression, d’opposition, de limitation du<br>traitement et de portabilité en en faisant la demande par contact direct établi sur ce site web. </p></div><p> </p>								</div>
					</div>
				</div>
				</div>

<p>Politique de confidentialité 1. Responsable du traitement Conformément aux dispositions du Règlement général sur la protection des données (RGPD) et à la réglementation applicable, l’utilisateur est informé que les données personnelles collectées via ce site web seront traitées par RobertMoreno (ci-après, « le Responsable »). 2. Finalité du traitement Les données que vous nous fournissez [&hellip;]</p>
